{"id":675,"date":"2020-04-28T15:18:49","date_gmt":"2020-04-28T15:18:49","guid":{"rendered":"https:\/\/nuestrocarisma.org\/?page_id=675"},"modified":"2021-03-02T09:26:02","modified_gmt":"2021-03-02T07:26:02","slug":"nuestro-fin","status":"publish","type":"page","link":"https:\/\/nuestrocarisma.org\/index.php\/nuestro-fin\/","title":{"rendered":"Nuestro fin"},"content":{"rendered":"\t\t<div data-elementor-type=\"wp-page\" data-elementor-id=\"675\" class=\"elementor elementor-675\" data-elementor-post-type=\"page\">\n\t\t\t\t\t\t<section class=\"elementor-section elementor-top-section elementor-element elementor-element-d7d8b56 elementor-section-boxed elementor-section-height-default elementor-section-height-default\" data-id=\"d7d8b56\" data-element_type=\"section\" data-e-type=\"section\" data-settings=\"{&quot;background_background&quot;:&quot;classic&quot;}\">\n\t\t\t\t\t\t\t<div class=\"elementor-background-overlay\"><\/div>\n\t\t\t\t\t\t\t<div class=\"elementor-container elementor-column-gap-default\">\n\t\t\t\t\t<div class=\"elementor-column elementor-col-100 elementor-top-column elementor-element elementor-element-fd69444\" data-id=\"fd69444\" data-element_type=\"column\" data-e-type=\"column\">\n\t\t\t<div class=\"elementor-widget-wrap elementor-element-populated\">\n\t\t\t\t\t\t<div class=\"elementor-element elementor-element-abcc2f2 elementor-widget elementor-widget-heading\" data-id=\"abcc2f2\" data-element_type=\"widget\" data-e-type=\"widget\" data-widget_type=\"heading.default\">\n\t\t\t\t<div class=\"elementor-widget-container\">\n\t\t\t\t\t<h1 class=\"elementor-heading-title elementor-size-default\">nuestro fin<\/h1>\t\t\t\t<\/div>\n\t\t\t\t<\/div>\n\t\t\t\t\t<\/div>\n\t\t<\/div>\n\t\t\t\t\t<\/div>\n\t\t<\/section>\n\t\t\t\t<section class=\"elementor-section elementor-top-section elementor-element elementor-element-5c40d7b elementor-section-boxed elementor-section-height-default elementor-section-height-default\" data-id=\"5c40d7b\" data-element_type=\"section\" data-e-type=\"section\">\n\t\t\t\t\t\t<div class=\"elementor-container elementor-column-gap-default\">\n\t\t\t\t\t<div class=\"elementor-column elementor-col-100 elementor-top-column elementor-element elementor-element-2ebbf9c\" data-id=\"2ebbf9c\" data-element_type=\"column\" data-e-type=\"column\">\n\t\t\t<div class=\"elementor-widget-wrap elementor-element-populated\">\n\t\t\t\t\t\t<div class=\"elementor-element elementor-element-fe195c7 elementor-widget elementor-widget-heading\" data-id=\"fe195c7\" data-element_type=\"widget\" data-e-type=\"widget\" data-widget_type=\"heading.default\">\n\t\t\t\t<div class=\"elementor-widget-container\">\n\t\t\t\t\t<h2 class=\"elementor-heading-title elementor-size-default\">Fin com\u00fan, propio y espec\u00edfico<\/h2>\t\t\t\t<\/div>\n\t\t\t\t<\/div>\n\t\t\t\t<div class=\"elementor-element elementor-element-dc051dd elementor-widget-divider--view-line elementor-widget elementor-widget-divider\" data-id=\"dc051dd\" data-element_type=\"widget\" data-e-type=\"widget\" data-widget_type=\"divider.default\">\n\t\t\t\t<div class=\"elementor-widget-container\">\n\t\t\t\t\t\t\t<div class=\"elementor-divider\">\n\t\t\t<span class=\"elementor-divider-separator\">\n\t\t\t\t\t\t<\/span>\n\t\t<\/div>\n\t\t\t\t\t\t<\/div>\n\t\t\t\t<\/div>\n\t\t\t\t<div class=\"elementor-element elementor-element-e5f497e elementor-widget elementor-widget-text-editor\" data-id=\"e5f497e\" data-element_type=\"widget\" data-e-type=\"widget\" data-widget_type=\"text-editor.default\">\n\t\t\t\t<div class=\"elementor-widget-container\">\n\t\t\t\t\t\t\t\t\t<blockquote>Evangelizar la cultura para extender la Encarnaci\u00f3n del Verbo<\/blockquote>\t\t\t\t\t\t\t\t<\/div>\n\t\t\t\t<\/div>\n\t\t\t\t<div class=\"elementor-element elementor-element-5dcd18a elementor-widget elementor-widget-text-editor\" data-id=\"5dcd18a\" data-element_type=\"widget\" data-e-type=\"widget\" data-widget_type=\"text-editor.default\">\n\t\t\t\t<div class=\"elementor-widget-container\">\n\t\t\t\t\t\t\t\t\t<p>Como todo Instituto de vida consagrada, tanto religioso como secular<sup>2<\/sup>, tenemos un\u00a0<strong>fin universal y com\u00fan<\/strong>\u00a0\u2013que suele denominarse vocaci\u00f3n\u2013 por el que queremos seguir m\u00e1s de cerca a Cristo bajo la acci\u00f3n del Esp\u00edritu Santo, dedic\u00e1ndonos totalmente a Dios como a nuestro amor supremo, para que entregados por un nuevo y peculiar t\u00edtulo a su gloria, a la edificaci\u00f3n de la Iglesia y a la salvaci\u00f3n del mundo, consigamos la perfecci\u00f3n de la caridad, y por la caridad a la que conduce la profesi\u00f3n de los consejos evang\u00e9licos de castidad, pobreza y obediencia, unirnos de modo especial a la Iglesia y a su misterio<sup>3<\/sup>.<\/p><p class=\"rtejustify\">Asimismo, tendemos al\u00a0<strong>fin propio<\/strong>\u00a0de todo Instituto de vida religiosa, el cual no es otro que la consagraci\u00f3n total de nuestra persona, manifestando el desposorio admirable establecido por Dios en la Iglesia, signo de la vida del Cielo. As\u00ed consumaremos la plena donaci\u00f3n de nosotros mismos como sacrificio ofrecido a Dios, por el que toda nuestra existencia se hace culto continuo a Dios en la caridad.<\/p><p class=\"rtejustify\">Esto se manifiesta en que formamos una familia<sup>4<\/sup>, emitimos votos p\u00fablicos y vivimos vida fraterna en com\u00fan; y el testimonio p\u00fablico que debemos dar conlleva un apartamiento del mundo<sup>5<\/sup>. Para vivir seg\u00fan el Esp\u00edritu Santo, necesariamente hay que apartar de s\u00ed el esp\u00edritu del mundo:\u00a0<em>El Esp\u00edritu de verdad\u2026 el mundo no lo puede recibir, porque no le ve ni le conoce<\/em>\u00a0(Jn 14,17).<\/p><p>Finalmente queremos, como\u00a0<strong>fin espec\u00edfico y singular<\/strong>, dedicarnos a la evangelizaci\u00f3n de la cultura, es decir, trabajar para \u201c<strong>transformar con la fuerza del Evangelio<br \/><\/strong><\/p><p>-los criterios de juicio,<br \/>-los valores determinantes,<br \/>-los puntos de inter\u00e9s,<br \/>-las l\u00edneas de pensamiento,<br \/>-las fuentes inspiradoras,<br \/>-los modelos de vida de la humanidad\u201d<sup>6<\/sup>;<\/p><p><br \/>\u201c<strong>para que est\u00e9n imbuidos de la fuerza del Evangelio<br \/><\/strong>-los modos de pensar,<br \/>-los criterios de juicio,<br \/>-las normas de acci\u00f3n\u201d<sup>7<\/sup>,<\/p><p class=\"rtejustify\">pues no podemos olvidar que el Concilio Vaticano II ha se\u00f1alado que: \u201cEl divorcio entre la fe y la vida diaria de muchos debe ser considerado como uno de los m\u00e1s graves errores de nuestra \u00e9poca\u201d<sup>8\u00a0<\/sup>y ello se debe en gran medida a que el mundo \u201cse ha ido separando y distinguiendo, en estos \u00faltimos siglos, del tronco cristiano de su civilizaci\u00f3n\u201d<sup>9<\/sup>, lo cual ha conducido a la descristianizaci\u00f3n de la cultura.<\/p><p class=\"rtejustify\">Consideramos que algunos de los medios m\u00e1s importantes para alcanzar el fin establecido es\u00a0<strong>trabajar sobre los puntos de inflexi\u00f3n de la cultura<\/strong>, a saber: las familias, la educaci\u00f3n \u2013en especial la seminar\u00edstica, la universitaria y la terciaria\u2013, los medios de comunicaci\u00f3n social y los hombres de pensamiento o \u201cintelectuales\u201d, en lo que hace a la iniciaci\u00f3n y llamamiento, desarrollo, discernimiento, formaci\u00f3n, consolidaci\u00f3n, acompa\u00f1amiento y posterior ejercicio de la vocaci\u00f3n al apostolado intelectual.<\/p><p class=\"rtejustify\">Por eso\u00a0<strong>comprometemos todas nuestras fuerzas para no ser esquivos a la aventura misionera<\/strong>, para prolongar la Encarnaci\u00f3n del Verbo \u201cen todo hombre, en todo el hombre y en todas las manifestaciones del hombre\u201d<sup>10<\/sup>\u00a0asumiendo todo lo aut\u00e9nticamente humano, para ser como otra humanidad de Cristo, para realizar con mayor perfecci\u00f3n el servicio de Dios y de los hombres<sup>11<\/sup>.<\/p><div class=\"img-float-left3 rtejustify\">\u00a0<\/div><div class=\"img-float-left3 rtejustify\">&#8212;&#8212;&#8211;<\/div><div><p class=\"rtejustify\">\u00a0<\/p><hr align=\"left\" size=\"1\" width=\"33%\" \/><div id=\"ftn1\"><p><sup><span lang=\"ES-TRAD\" xml:lang=\"ES-TRAD\">1<\/span><\/sup>\u00a0\u00a0<span lang=\"ES-TRAD\" xml:lang=\"ES-TRAD\">Constituciones N 23-26, 29, 254.<br \/><\/span><sup><span lang=\"ES-TRAD\" xml:lang=\"ES-TRAD\">2\u00a0\u00a0<\/span><\/sup><span lang=\"ES-TRAD\" xml:lang=\"ES-TRAD\">Cf.<sup>\u00a0<\/sup>C\u00f3digo de Derecho Can\u00f3nico, Normas comunes a todos los Institutos de vida consagrada, cc. 573-606.<br \/><\/span><sup><span lang=\"ES-TRAD\" xml:lang=\"ES-TRAD\">3\u00a0\u00a0<\/span><\/sup><span lang=\"ES-TRAD\" xml:lang=\"ES-TRAD\">Cf. C\u00f3digo de Derecho Can\u00f3nico, c. 573.<br \/><\/span><sup><span lang=\"ES-TRAD\" xml:lang=\"ES-TRAD\">4\u00a0<\/span><\/sup><span lang=\"ES-TRAD\" xml:lang=\"ES-TRAD\">Cf. C\u00f3digo de Derecho Can\u00f3nico, De los Institutos religiosos, cc. 607-709.<br \/><\/span><sup><span lang=\"ES-TRAD\" xml:lang=\"ES-TRAD\">5\u00a0<\/span><\/sup><span lang=\"ES-TRAD\" xml:lang=\"ES-TRAD\">Cf. C\u00f3digo de Derecho Can\u00f3nico, c. 607.<br \/><\/span><sup><span lang=\"ES-TRAD\" xml:lang=\"ES-TRAD\">6\u00a0<\/span><\/sup><span lang=\"ES-TRAD\" xml:lang=\"ES-TRAD\">Evangelii Nuntiandi, 19.<br \/><\/span><sup><span lang=\"ES-TRAD\" xml:lang=\"ES-TRAD\">7\u00a0<\/span><\/sup><span lang=\"ES-TRAD\" xml:lang=\"ES-TRAD\">Juan Pablo II, Constituci\u00f3n Apost\u00f3lica Sapientia Christiana, sobre las Universidades y Facultades Eclesi\u00e1sticas (15\/04\/1979), 1; OR (03\/06\/1979), p. 7.<br \/><\/span><sup>8\u00a0<\/sup><span lang=\"ES-TRAD\" xml:lang=\"ES-TRAD\">Gaudium et Spes, 43.<br \/><\/span><sup>9\u00a0<\/sup><span lang=\"ES-TRAD\" xml:lang=\"ES-TRAD\">Ecclesiam Suam, 14.<br \/><\/span><sup><span lang=\"ES-TRAD\" xml:lang=\"ES-TRAD\">10\u00a0<\/span><\/sup><span lang=\"ES-TRAD\" xml:lang=\"ES-TRAD\">Cf. Pablo VI , Ecclesiam Suam, 23-24.<br \/><\/span><sup><span lang=\"ES-TRAD\" xml:lang=\"ES-TRAD\">11\u00a0<\/span><\/sup><span lang=\"ES-TRAD\" xml:lang=\"ES-TRAD\">Cf. Constituciones 254.<\/span><\/p><\/div><\/div>\t\t\t\t\t\t\t\t<\/div>\n\t\t\t\t<\/div>\n\t\t\t\t\t<\/div>\n\t\t<\/div>\n\t\t\t\t\t<\/div>\n\t\t<\/section>\n\t\t\t\t<\/div>\n\t\t","protected":false},"excerpt":{"rendered":"<p>nuestro fin Fin com\u00fan, propio y espec\u00edfico Evangelizar la cultura para extender la Encarnaci\u00f3n del Verbo Como todo Instituto de vida consagrada, tanto religioso como secular2, tenemos un\u00a0fin universal y com\u00fan\u00a0\u2013que suele denominarse vocaci\u00f3n\u2013 por el que queremos seguir m\u00e1s de cerca a Cristo bajo la acci\u00f3n del Esp\u00edritu Santo, dedic\u00e1ndonos totalmente a Dios como [&hellip;]<\/p>\n","protected":false},"author":1,"featured_media":0,"parent":0,"menu_order":0,"comment_status":"closed","ping_status":"closed","template":"","meta":{"site-sidebar-layout":"no-sidebar","site-content-layout":"page-builder","ast-site-content-layout":"default","site-content-style":"default","site-sidebar-style":"default","ast-global-header-display":"","ast-banner-title-visibility":"","ast-main-header-display":"","ast-hfb-above-header-display":"","ast-hfb-below-header-display":"","ast-hfb-mobile-header-display":"","site-post-title":"disabled","ast-breadcrumbs-content":"","ast-featured-img":"disabled","footer-sml-layout":"","theme-transparent-header-meta":"default","adv-header-id-meta":"","stick-header-meta":"","header-above-stick-meta":"","header-main-stick-meta":"","header-below-stick-meta":"","astra-migrate-meta-layouts":"default","ast-page-background-enabled":"default","ast-page-background-meta":{"desktop":{"background-color":"","background-image":"","background-repeat":"repeat","background-position":"center center","background-size":"auto","background-attachment":"scroll","background-type":"","background-media":"","overlay-type":"","overlay-color":"","overlay-opacity":"","overlay-gradient":""},"tablet":{"background-color":"","background-image":"","background-repeat":"repeat","background-position":"center center","background-size":"auto","background-attachment":"scroll","background-type":"","background-media":"","overlay-type":"","overlay-color":"","overlay-opacity":"","overlay-gradient":""},"mobile":{"background-color":"","background-image":"","background-repeat":"repeat","background-position":"center center","background-size":"auto","background-attachment":"scroll","background-type":"","background-media":"","overlay-type":"","overlay-color":"","overlay-opacity":"","overlay-gradient":""}},"ast-content-background-meta":{"desktop":{"background-color":"var(--ast-global-color-5)","background-image":"","background-repeat":"repeat","background-position":"center center","background-size":"auto","background-attachment":"scroll","background-type":"","background-media":"","overlay-type":"","overlay-color":"","overlay-opacity":"","overlay-gradient":""},"tablet":{"background-color":"var(--ast-global-color-5)","background-image":"","background-repeat":"repeat","background-position":"center center","background-size":"auto","background-attachment":"scroll","background-type":"","background-media":"","overlay-type":"","overlay-color":"","overlay-opacity":"","overlay-gradient":""},"mobile":{"background-color":"var(--ast-global-color-5)","background-image":"","background-repeat":"repeat","background-position":"center center","background-size":"auto","background-attachment":"scroll","background-type":"","background-media":"","overlay-type":"","overlay-color":"","overlay-opacity":"","overlay-gradient":""}},"footnotes":""},"class_list":["post-675","page","type-page","status-publish","hentry"],"_links":{"self":[{"href":"https:\/\/nuestrocarisma.org\/index.php\/wp-json\/wp\/v2\/pages\/675","targetHints":{"allow":["GET"]}}],"collection":[{"href":"https:\/\/nuestrocarisma.org\/index.php\/wp-json\/wp\/v2\/pages"}],"about":[{"href":"https:\/\/nuestrocarisma.org\/index.php\/wp-json\/wp\/v2\/types\/page"}],"author":[{"embeddable":true,"href":"https:\/\/nuestrocarisma.org\/index.php\/wp-json\/wp\/v2\/users\/1"}],"replies":[{"embeddable":true,"href":"https:\/\/nuestrocarisma.org\/index.php\/wp-json\/wp\/v2\/comments?post=675"}],"version-history":[{"count":10,"href":"https:\/\/nuestrocarisma.org\/index.php\/wp-json\/wp\/v2\/pages\/675\/revisions"}],"predecessor-version":[{"id":2592,"href":"https:\/\/nuestrocarisma.org\/index.php\/wp-json\/wp\/v2\/pages\/675\/revisions\/2592"}],"wp:attachment":[{"href":"https:\/\/nuestrocarisma.org\/index.php\/wp-json\/wp\/v2\/media?parent=675"}],"curies":[{"name":"wp","href":"https:\/\/api.w.org\/{rel}","templated":true}]}}