{"id":10567,"date":"2026-01-05T15:07:10","date_gmt":"2026-01-05T13:07:10","guid":{"rendered":"https:\/\/nuestrocarisma.org\/?page_id=10567"},"modified":"2026-03-06T06:42:34","modified_gmt":"2026-03-06T04:42:34","slug":"santos-patronos","status":"publish","type":"page","link":"https:\/\/nuestrocarisma.org\/index.php\/santos-patronos\/","title":{"rendered":"Santos Patronos"},"content":{"rendered":"\t\t<div data-elementor-type=\"wp-page\" data-elementor-id=\"10567\" class=\"elementor elementor-10567\" data-elementor-post-type=\"page\">\n\t\t\t\t\t\t<section class=\"elementor-section elementor-top-section elementor-element elementor-element-1de507f elementor-section-height-min-height elementor-section-boxed elementor-section-height-default elementor-section-items-middle\" data-id=\"1de507f\" data-element_type=\"section\" data-e-type=\"section\" data-settings=\"{&quot;background_background&quot;:&quot;classic&quot;}\">\n\t\t\t\t\t\t\t<div class=\"elementor-background-overlay\"><\/div>\n\t\t\t\t\t\t\t<div class=\"elementor-container elementor-column-gap-default\">\n\t\t\t\t\t<div class=\"elementor-column elementor-col-100 elementor-top-column elementor-element elementor-element-927184e\" data-id=\"927184e\" data-element_type=\"column\" data-e-type=\"column\">\n\t\t\t<div class=\"elementor-widget-wrap elementor-element-populated\">\n\t\t\t\t\t\t<div class=\"elementor-element elementor-element-d54124b elementor-widget elementor-widget-heading\" data-id=\"d54124b\" data-element_type=\"widget\" data-e-type=\"widget\" data-widget_type=\"heading.default\">\n\t\t\t\t<div class=\"elementor-widget-container\">\n\t\t\t\t\t<h1 class=\"elementor-heading-title elementor-size-default\">Santos Patronos<\/h1>\t\t\t\t<\/div>\n\t\t\t\t<\/div>\n\t\t\t\t\t<\/div>\n\t\t<\/div>\n\t\t\t\t\t<\/div>\n\t\t<\/section>\n\t\t\t\t<section class=\"elementor-section elementor-top-section elementor-element elementor-element-0955aba elementor-section-boxed elementor-section-height-default elementor-section-height-default\" data-id=\"0955aba\" data-element_type=\"section\" data-e-type=\"section\">\n\t\t\t\t\t\t<div class=\"elementor-container elementor-column-gap-default\">\n\t\t\t\t\t<div class=\"elementor-column elementor-col-100 elementor-top-column elementor-element elementor-element-3544c5e\" data-id=\"3544c5e\" data-element_type=\"column\" data-e-type=\"column\">\n\t\t\t<div class=\"elementor-widget-wrap elementor-element-populated\">\n\t\t\t\t\t\t<div class=\"elementor-element elementor-element-668e43d elementor-grid-3 elementor-grid-tablet-2 elementor-grid-mobile-1 elementor-posts--thumbnail-top elementor-card-shadow-yes elementor-posts__hover-gradient elementor-invisible elementor-widget elementor-widget-posts\" data-id=\"668e43d\" data-element_type=\"widget\" data-e-type=\"widget\" data-settings=\"{&quot;_animation&quot;:&quot;fadeInUp&quot;,&quot;pagination_type&quot;:&quot;numbers&quot;,&quot;cards_columns&quot;:&quot;3&quot;,&quot;cards_columns_tablet&quot;:&quot;2&quot;,&quot;cards_columns_mobile&quot;:&quot;1&quot;,&quot;cards_row_gap&quot;:{&quot;unit&quot;:&quot;px&quot;,&quot;size&quot;:35,&quot;sizes&quot;:[]},&quot;cards_row_gap_tablet&quot;:{&quot;unit&quot;:&quot;px&quot;,&quot;size&quot;:&quot;&quot;,&quot;sizes&quot;:[]},&quot;cards_row_gap_mobile&quot;:{&quot;unit&quot;:&quot;px&quot;,&quot;size&quot;:&quot;&quot;,&quot;sizes&quot;:[]}}\" data-widget_type=\"posts.cards\">\n\t\t\t\t<div class=\"elementor-widget-container\">\n\t\t\t\t\t\t\t<div class=\"elementor-posts-container elementor-posts elementor-posts--skin-cards elementor-grid\" role=\"list\">\n\t\t\t\t<article class=\"elementor-post elementor-grid-item post-10869 post type-post status-publish format-standard has-post-thumbnail hentry category-santos-patronos\" role=\"listitem\">\n\t\t\t<div class=\"elementor-post__card\">\n\t\t\t\t<a class=\"elementor-post__thumbnail__link\" href=\"https:\/\/nuestrocarisma.org\/index.php\/2026\/03\/19\/san-jose\/\" tabindex=\"-1\" ><div class=\"elementor-post__thumbnail\"><img fetchpriority=\"high\" decoding=\"async\" width=\"863\" height=\"485\" src=\"https:\/\/nuestrocarisma.org\/wp-content\/uploads\/2026\/03\/Mar-19-San-Jose.jpg\" class=\"attachment-full size-full wp-image-10870\" alt=\"\" srcset=\"https:\/\/nuestrocarisma.org\/wp-content\/uploads\/2026\/03\/Mar-19-San-Jose.jpg 863w, https:\/\/nuestrocarisma.org\/wp-content\/uploads\/2026\/03\/Mar-19-San-Jose-300x169.jpg 300w, https:\/\/nuestrocarisma.org\/wp-content\/uploads\/2026\/03\/Mar-19-San-Jose-768x432.jpg 768w\" sizes=\"(max-width: 863px) 100vw, 863px\" \/><\/div><\/a>\n\t\t\t\t<div class=\"elementor-post__badge\">Santos Patronos<\/div>\n\t\t\t\t<div class=\"elementor-post__text\">\n\t\t\t\t<h3 class=\"elementor-post__title\">\n\t\t\t<a href=\"https:\/\/nuestrocarisma.org\/index.php\/2026\/03\/19\/san-jose\/\" >\n\t\t\t\tSan Jos\u00e9\t\t\t<\/a>\n\t\t<\/h3>\n\t\t\n\t\t<a class=\"elementor-post__read-more\" href=\"https:\/\/nuestrocarisma.org\/index.php\/2026\/03\/19\/san-jose\/\" aria-label=\"M\u00e1s informaci\u00f3n sobre San Jos\u00e9\" tabindex=\"-1\" >\n\t\t\tLeer m\u00e1s \u00bb\t\t<\/a>\n\n\t\t\t\t<\/div>\n\t\t\t\t<div class=\"elementor-post__meta-data\">\n\t\t\t\t\t<span class=\"elementor-post-date\">\n\t\t\tmarzo 19, 2026\t\t<\/span>\n\t\t\t\t<\/div>\n\t\t\t\t\t<\/div>\n\t\t<\/article>\n\t\t\t\t<article class=\"elementor-post elementor-grid-item post-10861 post type-post status-publish format-standard has-post-thumbnail hentry category-santos-patronos\" role=\"listitem\">\n\t\t\t<div class=\"elementor-post__card\">\n\t\t\t\t<a class=\"elementor-post__thumbnail__link\" href=\"https:\/\/nuestrocarisma.org\/index.php\/2026\/03\/17\/san-patricio\/\" tabindex=\"-1\" ><div class=\"elementor-post__thumbnail\"><img decoding=\"async\" width=\"2090\" height=\"1012\" src=\"https:\/\/nuestrocarisma.org\/wp-content\/uploads\/2026\/03\/march-17.jpg\" class=\"attachment-full size-full wp-image-10862\" alt=\"\" srcset=\"https:\/\/nuestrocarisma.org\/wp-content\/uploads\/2026\/03\/march-17.jpg 2090w, https:\/\/nuestrocarisma.org\/wp-content\/uploads\/2026\/03\/march-17-300x145.jpg 300w, https:\/\/nuestrocarisma.org\/wp-content\/uploads\/2026\/03\/march-17-1024x496.jpg 1024w, https:\/\/nuestrocarisma.org\/wp-content\/uploads\/2026\/03\/march-17-768x372.jpg 768w, https:\/\/nuestrocarisma.org\/wp-content\/uploads\/2026\/03\/march-17-1536x744.jpg 1536w, https:\/\/nuestrocarisma.org\/wp-content\/uploads\/2026\/03\/march-17-2048x992.jpg 2048w\" sizes=\"(max-width: 2090px) 100vw, 2090px\" \/><\/div><\/a>\n\t\t\t\t<div class=\"elementor-post__badge\">Santos Patronos<\/div>\n\t\t\t\t<div class=\"elementor-post__text\">\n\t\t\t\t<h3 class=\"elementor-post__title\">\n\t\t\t<a href=\"https:\/\/nuestrocarisma.org\/index.php\/2026\/03\/17\/san-patricio\/\" >\n\t\t\t\tSan Patricio\t\t\t<\/a>\n\t\t<\/h3>\n\t\t\n\t\t<a class=\"elementor-post__read-more\" href=\"https:\/\/nuestrocarisma.org\/index.php\/2026\/03\/17\/san-patricio\/\" aria-label=\"M\u00e1s informaci\u00f3n sobre San Patricio\" tabindex=\"-1\" >\n\t\t\tLeer m\u00e1s \u00bb\t\t<\/a>\n\n\t\t\t\t<\/div>\n\t\t\t\t<div class=\"elementor-post__meta-data\">\n\t\t\t\t\t<span class=\"elementor-post-date\">\n\t\t\tmarzo 17, 2026\t\t<\/span>\n\t\t\t\t<\/div>\n\t\t\t\t\t<\/div>\n\t\t<\/article>\n\t\t\t\t<article class=\"elementor-post elementor-grid-item post-10854 post type-post status-publish format-standard has-post-thumbnail hentry category-santos-patronos\" role=\"listitem\">\n\t\t\t<div class=\"elementor-post__card\">\n\t\t\t\t<a class=\"elementor-post__thumbnail__link\" href=\"https:\/\/nuestrocarisma.org\/index.php\/2026\/03\/16\/san-jose-gabriel-del-rosario-brochero\/\" tabindex=\"-1\" ><div class=\"elementor-post__thumbnail\"><img decoding=\"async\" width=\"1920\" height=\"1080\" src=\"https:\/\/nuestrocarisma.org\/wp-content\/uploads\/2026\/03\/Cura-Brochero.jpg\" class=\"attachment-full size-full wp-image-10855\" alt=\"\" srcset=\"https:\/\/nuestrocarisma.org\/wp-content\/uploads\/2026\/03\/Cura-Brochero.jpg 1920w, https:\/\/nuestrocarisma.org\/wp-content\/uploads\/2026\/03\/Cura-Brochero-300x169.jpg 300w, https:\/\/nuestrocarisma.org\/wp-content\/uploads\/2026\/03\/Cura-Brochero-1024x576.jpg 1024w, https:\/\/nuestrocarisma.org\/wp-content\/uploads\/2026\/03\/Cura-Brochero-768x432.jpg 768w, https:\/\/nuestrocarisma.org\/wp-content\/uploads\/2026\/03\/Cura-Brochero-1536x864.jpg 1536w\" sizes=\"(max-width: 1920px) 100vw, 1920px\" \/><\/div><\/a>\n\t\t\t\t<div class=\"elementor-post__badge\">Santos Patronos<\/div>\n\t\t\t\t<div class=\"elementor-post__text\">\n\t\t\t\t<h3 class=\"elementor-post__title\">\n\t\t\t<a href=\"https:\/\/nuestrocarisma.org\/index.php\/2026\/03\/16\/san-jose-gabriel-del-rosario-brochero\/\" >\n\t\t\t\tSan Jos\u00e9 Gabriel del Rosario Brochero\t\t\t<\/a>\n\t\t<\/h3>\n\t\t\n\t\t<a class=\"elementor-post__read-more\" href=\"https:\/\/nuestrocarisma.org\/index.php\/2026\/03\/16\/san-jose-gabriel-del-rosario-brochero\/\" aria-label=\"M\u00e1s informaci\u00f3n sobre San Jos\u00e9 Gabriel del Rosario Brochero\" tabindex=\"-1\" >\n\t\t\tLeer m\u00e1s \u00bb\t\t<\/a>\n\n\t\t\t\t<\/div>\n\t\t\t\t<div class=\"elementor-post__meta-data\">\n\t\t\t\t\t<span class=\"elementor-post-date\">\n\t\t\tmarzo 16, 2026\t\t<\/span>\n\t\t\t\t<\/div>\n\t\t\t\t\t<\/div>\n\t\t<\/article>\n\t\t\t\t<article class=\"elementor-post elementor-grid-item post-10813 post type-post status-publish format-standard has-post-thumbnail hentry category-santos-patronos\" role=\"listitem\">\n\t\t\t<div class=\"elementor-post__card\">\n\t\t\t\t<a class=\"elementor-post__thumbnail__link\" href=\"https:\/\/nuestrocarisma.org\/index.php\/2026\/03\/12\/san-luis-orione\/\" tabindex=\"-1\" ><div class=\"elementor-post__thumbnail\"><img loading=\"lazy\" decoding=\"async\" width=\"1482\" height=\"791\" src=\"https:\/\/nuestrocarisma.org\/wp-content\/uploads\/2026\/03\/march12-1.jpg\" class=\"attachment-full size-full wp-image-10840\" alt=\"\" srcset=\"https:\/\/nuestrocarisma.org\/wp-content\/uploads\/2026\/03\/march12-1.jpg 1482w, https:\/\/nuestrocarisma.org\/wp-content\/uploads\/2026\/03\/march12-1-300x160.jpg 300w, https:\/\/nuestrocarisma.org\/wp-content\/uploads\/2026\/03\/march12-1-1024x547.jpg 1024w, https:\/\/nuestrocarisma.org\/wp-content\/uploads\/2026\/03\/march12-1-768x410.jpg 768w\" sizes=\"(max-width: 1482px) 100vw, 1482px\" \/><\/div><\/a>\n\t\t\t\t<div class=\"elementor-post__badge\">Santos Patronos<\/div>\n\t\t\t\t<div class=\"elementor-post__text\">\n\t\t\t\t<h3 class=\"elementor-post__title\">\n\t\t\t<a href=\"https:\/\/nuestrocarisma.org\/index.php\/2026\/03\/12\/san-luis-orione\/\" >\n\t\t\t\tSan Luis Orione\t\t\t<\/a>\n\t\t<\/h3>\n\t\t\n\t\t<a class=\"elementor-post__read-more\" href=\"https:\/\/nuestrocarisma.org\/index.php\/2026\/03\/12\/san-luis-orione\/\" aria-label=\"M\u00e1s informaci\u00f3n sobre San Luis Orione\" tabindex=\"-1\" >\n\t\t\tLeer m\u00e1s \u00bb\t\t<\/a>\n\n\t\t\t\t<\/div>\n\t\t\t\t<div class=\"elementor-post__meta-data\">\n\t\t\t\t\t<span class=\"elementor-post-date\">\n\t\t\tmarzo 12, 2026\t\t<\/span>\n\t\t\t\t<\/div>\n\t\t\t\t\t<\/div>\n\t\t<\/article>\n\t\t\t\t<article class=\"elementor-post elementor-grid-item post-10719 post type-post status-publish format-standard has-post-thumbnail hentry category-santos-patronos\" role=\"listitem\">\n\t\t\t<div class=\"elementor-post__card\">\n\t\t\t\t<a class=\"elementor-post__thumbnail__link\" href=\"https:\/\/nuestrocarisma.org\/index.php\/2026\/02\/13\/santos-cirilo-y-metodio\/\" tabindex=\"-1\" ><div class=\"elementor-post__thumbnail\"><img loading=\"lazy\" decoding=\"async\" width=\"1920\" height=\"1280\" src=\"https:\/\/nuestrocarisma.org\/wp-content\/uploads\/2026\/02\/FEB-13-SANTOS-PATRONOS.jpg\" class=\"attachment-full size-full wp-image-10720\" alt=\"\" srcset=\"https:\/\/nuestrocarisma.org\/wp-content\/uploads\/2026\/02\/FEB-13-SANTOS-PATRONOS.jpg 1920w, https:\/\/nuestrocarisma.org\/wp-content\/uploads\/2026\/02\/FEB-13-SANTOS-PATRONOS-300x200.jpg 300w, https:\/\/nuestrocarisma.org\/wp-content\/uploads\/2026\/02\/FEB-13-SANTOS-PATRONOS-1024x683.jpg 1024w, https:\/\/nuestrocarisma.org\/wp-content\/uploads\/2026\/02\/FEB-13-SANTOS-PATRONOS-768x512.jpg 768w, https:\/\/nuestrocarisma.org\/wp-content\/uploads\/2026\/02\/FEB-13-SANTOS-PATRONOS-1536x1024.jpg 1536w\" sizes=\"(max-width: 1920px) 100vw, 1920px\" \/><\/div><\/a>\n\t\t\t\t<div class=\"elementor-post__badge\">Santos Patronos<\/div>\n\t\t\t\t<div class=\"elementor-post__text\">\n\t\t\t\t<h3 class=\"elementor-post__title\">\n\t\t\t<a href=\"https:\/\/nuestrocarisma.org\/index.php\/2026\/02\/13\/santos-cirilo-y-metodio\/\" >\n\t\t\t\tSantos Cirilo y Metodio\t\t\t<\/a>\n\t\t<\/h3>\n\t\t\n\t\t<a class=\"elementor-post__read-more\" href=\"https:\/\/nuestrocarisma.org\/index.php\/2026\/02\/13\/santos-cirilo-y-metodio\/\" aria-label=\"M\u00e1s informaci\u00f3n sobre Santos Cirilo y Metodio\" tabindex=\"-1\" >\n\t\t\tLeer m\u00e1s \u00bb\t\t<\/a>\n\n\t\t\t\t<\/div>\n\t\t\t\t<div class=\"elementor-post__meta-data\">\n\t\t\t\t\t<span class=\"elementor-post-date\">\n\t\t\tfebrero 13, 2026\t\t<\/span>\n\t\t\t\t<\/div>\n\t\t\t\t\t<\/div>\n\t\t<\/article>\n\t\t\t\t<article class=\"elementor-post elementor-grid-item post-10670 post type-post status-publish format-standard has-post-thumbnail hentry category-santos-patronos\" role=\"listitem\">\n\t\t\t<div class=\"elementor-post__card\">\n\t\t\t\t<a class=\"elementor-post__thumbnail__link\" href=\"https:\/\/nuestrocarisma.org\/index.php\/2026\/01\/31\/san-juan-bosco\/\" tabindex=\"-1\" ><div class=\"elementor-post__thumbnail\"><img loading=\"lazy\" decoding=\"async\" width=\"1560\" height=\"943\" src=\"https:\/\/nuestrocarisma.org\/wp-content\/uploads\/2026\/01\/jan-31-1.jpg\" class=\"attachment-full size-full wp-image-10676\" alt=\"\" srcset=\"https:\/\/nuestrocarisma.org\/wp-content\/uploads\/2026\/01\/jan-31-1.jpg 1560w, https:\/\/nuestrocarisma.org\/wp-content\/uploads\/2026\/01\/jan-31-1-300x181.jpg 300w, https:\/\/nuestrocarisma.org\/wp-content\/uploads\/2026\/01\/jan-31-1-1024x619.jpg 1024w, https:\/\/nuestrocarisma.org\/wp-content\/uploads\/2026\/01\/jan-31-1-768x464.jpg 768w, https:\/\/nuestrocarisma.org\/wp-content\/uploads\/2026\/01\/jan-31-1-1536x928.jpg 1536w\" sizes=\"(max-width: 1560px) 100vw, 1560px\" \/><\/div><\/a>\n\t\t\t\t<div class=\"elementor-post__badge\">Santos Patronos<\/div>\n\t\t\t\t<div class=\"elementor-post__text\">\n\t\t\t\t<h3 class=\"elementor-post__title\">\n\t\t\t<a href=\"https:\/\/nuestrocarisma.org\/index.php\/2026\/01\/31\/san-juan-bosco\/\" >\n\t\t\t\tSan Juan Bosco\t\t\t<\/a>\n\t\t<\/h3>\n\t\t\n\t\t<a class=\"elementor-post__read-more\" href=\"https:\/\/nuestrocarisma.org\/index.php\/2026\/01\/31\/san-juan-bosco\/\" aria-label=\"M\u00e1s informaci\u00f3n sobre San Juan Bosco\" tabindex=\"-1\" >\n\t\t\tLeer m\u00e1s \u00bb\t\t<\/a>\n\n\t\t\t\t<\/div>\n\t\t\t\t<div class=\"elementor-post__meta-data\">\n\t\t\t\t\t<span class=\"elementor-post-date\">\n\t\t\tenero 31, 2026\t\t<\/span>\n\t\t\t\t<\/div>\n\t\t\t\t\t<\/div>\n\t\t<\/article>\n\t\t\t\t<article class=\"elementor-post elementor-grid-item post-10639 post type-post status-publish format-standard has-post-thumbnail hentry category-santos-patronos\" role=\"listitem\">\n\t\t\t<div class=\"elementor-post__card\">\n\t\t\t\t<a class=\"elementor-post__thumbnail__link\" href=\"https:\/\/nuestrocarisma.org\/index.php\/2026\/01\/28\/santo-tomas-de-aquino\/\" tabindex=\"-1\" ><div class=\"elementor-post__thumbnail\"><img loading=\"lazy\" decoding=\"async\" width=\"1200\" height=\"600\" src=\"https:\/\/nuestrocarisma.org\/wp-content\/uploads\/2026\/01\/JAN-28-THOMAS-AQUINAS.jpg\" class=\"attachment-full size-full wp-image-10640\" alt=\"\" srcset=\"https:\/\/nuestrocarisma.org\/wp-content\/uploads\/2026\/01\/JAN-28-THOMAS-AQUINAS.jpg 1200w, https:\/\/nuestrocarisma.org\/wp-content\/uploads\/2026\/01\/JAN-28-THOMAS-AQUINAS-300x150.jpg 300w, https:\/\/nuestrocarisma.org\/wp-content\/uploads\/2026\/01\/JAN-28-THOMAS-AQUINAS-1024x512.jpg 1024w, https:\/\/nuestrocarisma.org\/wp-content\/uploads\/2026\/01\/JAN-28-THOMAS-AQUINAS-768x384.jpg 768w\" sizes=\"(max-width: 1200px) 100vw, 1200px\" \/><\/div><\/a>\n\t\t\t\t<div class=\"elementor-post__badge\">Santos Patronos<\/div>\n\t\t\t\t<div class=\"elementor-post__text\">\n\t\t\t\t<h3 class=\"elementor-post__title\">\n\t\t\t<a href=\"https:\/\/nuestrocarisma.org\/index.php\/2026\/01\/28\/santo-tomas-de-aquino\/\" >\n\t\t\t\tSanto Tom\u00e1s de Aquino\t\t\t<\/a>\n\t\t<\/h3>\n\t\t\n\t\t<a class=\"elementor-post__read-more\" href=\"https:\/\/nuestrocarisma.org\/index.php\/2026\/01\/28\/santo-tomas-de-aquino\/\" aria-label=\"M\u00e1s informaci\u00f3n sobre Santo Tom\u00e1s de Aquino\" tabindex=\"-1\" >\n\t\t\tLeer m\u00e1s \u00bb\t\t<\/a>\n\n\t\t\t\t<\/div>\n\t\t\t\t<div class=\"elementor-post__meta-data\">\n\t\t\t\t\t<span class=\"elementor-post-date\">\n\t\t\tenero 28, 2026\t\t<\/span>\n\t\t\t\t<\/div>\n\t\t\t\t\t<\/div>\n\t\t<\/article>\n\t\t\t\t<article class=\"elementor-post elementor-grid-item post-10551 post type-post status-publish format-standard has-post-thumbnail hentry category-santos-patronos\" role=\"listitem\">\n\t\t\t<div class=\"elementor-post__card\">\n\t\t\t\t<a class=\"elementor-post__thumbnail__link\" href=\"https:\/\/nuestrocarisma.org\/index.php\/2026\/01\/05\/san-juan-de-ribera\/\" tabindex=\"-1\" ><div class=\"elementor-post__thumbnail\"><img loading=\"lazy\" decoding=\"async\" width=\"976\" height=\"560\" src=\"https:\/\/nuestrocarisma.org\/wp-content\/uploads\/2026\/01\/jan-5.jpg\" class=\"attachment-full size-full wp-image-10588\" alt=\"\" srcset=\"https:\/\/nuestrocarisma.org\/wp-content\/uploads\/2026\/01\/jan-5.jpg 976w, https:\/\/nuestrocarisma.org\/wp-content\/uploads\/2026\/01\/jan-5-300x172.jpg 300w, https:\/\/nuestrocarisma.org\/wp-content\/uploads\/2026\/01\/jan-5-768x441.jpg 768w\" sizes=\"(max-width: 976px) 100vw, 976px\" \/><\/div><\/a>\n\t\t\t\t<div class=\"elementor-post__badge\">Santos Patronos<\/div>\n\t\t\t\t<div class=\"elementor-post__text\">\n\t\t\t\t<h3 class=\"elementor-post__title\">\n\t\t\t<a href=\"https:\/\/nuestrocarisma.org\/index.php\/2026\/01\/05\/san-juan-de-ribera\/\" >\n\t\t\t\tSan Juan de Ribera\t\t\t<\/a>\n\t\t<\/h3>\n\t\t\n\t\t<a class=\"elementor-post__read-more\" href=\"https:\/\/nuestrocarisma.org\/index.php\/2026\/01\/05\/san-juan-de-ribera\/\" aria-label=\"M\u00e1s informaci\u00f3n sobre San Juan de Ribera\" tabindex=\"-1\" >\n\t\t\tLeer m\u00e1s \u00bb\t\t<\/a>\n\n\t\t\t\t<\/div>\n\t\t\t\t<div class=\"elementor-post__meta-data\">\n\t\t\t\t\t<span class=\"elementor-post-date\">\n\t\t\tenero 5, 2026\t\t<\/span>\n\t\t\t\t<\/div>\n\t\t\t\t\t<\/div>\n\t\t<\/article>\n\t\t\t\t<\/div>\n\t\t\n\t\t\t\t\t\t<\/div>\n\t\t\t\t<\/div>\n\t\t\t\t\t<\/div>\n\t\t<\/div>\n\t\t\t\t\t<\/div>\n\t\t<\/section>\n\t\t\t\t<\/div>\n\t\t","protected":false},"excerpt":{"rendered":"<p>Santos Patronos<\/p>\n","protected":false},"author":1,"featured_media":0,"parent":0,"menu_order":0,"comment_status":"closed","ping_status":"closed","template":"elementor_header_footer","meta":{"site-sidebar-layout":"no-sidebar","site-content-layout":"page-builder","ast-site-content-layout":"full-width-container","site-content-style":"default","site-sidebar-style":"default","ast-global-header-display":"","ast-banner-title-visibility":"","ast-main-header-display":"","ast-hfb-above-header-display":"","ast-hfb-below-header-display":"","ast-hfb-mobile-header-display":"","site-post-title":"disabled","ast-breadcrumbs-content":"","ast-featured-img":"disabled","footer-sml-layout":"","theme-transparent-header-meta":"","adv-header-id-meta":"","stick-header-meta":"","header-above-stick-meta":"","header-main-stick-meta":"","header-below-stick-meta":"","astra-migrate-meta-layouts":"set","ast-page-background-enabled":"default","ast-page-background-meta":{"desktop":{"background-color":"","background-image":"","background-repeat":"repeat","background-position":"center center","background-size":"auto","background-attachment":"scroll","background-type":"","background-media":"","overlay-type":"","overlay-color":"","overlay-gradient":""},"tablet":{"background-color":"","background-image":"","background-repeat":"repeat","background-position":"center center","background-size":"auto","background-attachment":"scroll","background-type":"","background-media":"","overlay-type":"","overlay-color":"","overlay-gradient":""},"mobile":{"background-color":"","background-image":"","background-repeat":"repeat","background-position":"center center","background-size":"auto","background-attachment":"scroll","background-type":"","background-media":"","overlay-type":"","overlay-color":"","overlay-gradient":""}},"ast-content-background-meta":{"desktop":{"background-color":"var(--ast-global-color-5)","background-image":"","background-repeat":"repeat","background-position":"center center","background-size":"auto","background-attachment":"scroll","background-type":"","background-media":"","overlay-type":"","overlay-color":"","overlay-gradient":""},"tablet":{"background-color":"var(--ast-global-color-5)","background-image":"","background-repeat":"repeat","background-position":"center center","background-size":"auto","background-attachment":"scroll","background-type":"","background-media":"","overlay-type":"","overlay-color":"","overlay-gradient":""},"mobile":{"background-color":"var(--ast-global-color-5)","background-image":"","background-repeat":"repeat","background-position":"center center","background-size":"auto","background-attachment":"scroll","background-type":"","background-media":"","overlay-type":"","overlay-color":"","overlay-gradient":""}},"footnotes":""},"class_list":["post-10567","page","type-page","status-publish","hentry"],"_links":{"self":[{"href":"https:\/\/nuestrocarisma.org\/index.php\/wp-json\/wp\/v2\/pages\/10567","targetHints":{"allow":["GET"]}}],"collection":[{"href":"https:\/\/nuestrocarisma.org\/index.php\/wp-json\/wp\/v2\/pages"}],"about":[{"href":"https:\/\/nuestrocarisma.org\/index.php\/wp-json\/wp\/v2\/types\/page"}],"author":[{"embeddable":true,"href":"https:\/\/nuestrocarisma.org\/index.php\/wp-json\/wp\/v2\/users\/1"}],"replies":[{"embeddable":true,"href":"https:\/\/nuestrocarisma.org\/index.php\/wp-json\/wp\/v2\/comments?post=10567"}],"version-history":[{"count":13,"href":"https:\/\/nuestrocarisma.org\/index.php\/wp-json\/wp\/v2\/pages\/10567\/revisions"}],"predecessor-version":[{"id":10596,"href":"https:\/\/nuestrocarisma.org\/index.php\/wp-json\/wp\/v2\/pages\/10567\/revisions\/10596"}],"wp:attachment":[{"href":"https:\/\/nuestrocarisma.org\/index.php\/wp-json\/wp\/v2\/media?parent=10567"}],"curies":[{"name":"wp","href":"https:\/\/api.w.org\/{rel}","templated":true}]}}